se
Is 10565610 a multiple of 202?
True
Does 131 divide 41711?
False
Is 520 a factor of 14404334?
False
Does 90 divide 363387?
False
Is 25 a factor of 4080925?
True
Does 12 divide 87000?
True
Does 2 divide 7774?
True
Is 65 a factor of 1315600?
True
Is 3 a factor of 162077?
False
Is 69598 a multiple of 13?
False
Is 191 a factor of 16683223?
False
Is 70 a factor of 15350230?
True
Is 31 a factor of 196602?
True
Does 11 divide 116281?
True
Is 125945 a multiple of 20?
False
Is 213 a factor of 8183886?
True
Is 1174750 a multiple of 1270?
True
Does 326 divide 426408?
True
Does 1466 divide 10512686?
True
Is 539928 a multiple of 18?
True
Is 8 a factor of 141830?
False
Does 53 divide 12742222?
False
Is 1070917 even?
False
Does 25 divide 5465803?
False
Does 23 divide 2648622?
False
Is 21 a factor of 504378?
True
Is 851 a factor of 4465197?
True
Is 22 a factor of 8654320?
False
Is 1003361 a multiple of 18?
False
Is 3792665 a multiple of 618?
False
Is 549355 a multiple of 28?
False
Does 69 divide 6602558?
False
Is 4046259 a multiple of 2042?
False
Is 8274518 a multiple of 787?
True
Does 131 divide 337543?
False
Does 91 divide 1242878?
True
Is 1198391 a multiple of 437?
False
Is 241108 a multiple of 7?
True
Is 47 a factor of 3600947?
False
Is 635920 a multiple of 40?
True
Is 272952 a multiple of 34?
True
Is 10 a factor of 716829?
False
Does 193 divide 2866378?
False
Is 190 a factor of 786693?
False
Is 340110 a multiple of 45?
True
Does 216 divide 529567?
False
Is 4 a factor of 53032?
True
Is 3995030 a multiple of 185?
False
Is 184467 even?
False
Is 231610 a multiple of 46?
True
Does 108 divide 597996?
True
Is 16401 a multiple of 7?
True
Is 67 a factor of 1057169?
False
Is 129084 a multiple of 17?
False
Is 165819 a multiple of 155?
False
Does 31 divide 46164?
False
Does 25 divide 17350?
True
Is 187 a factor of 301650?
False
Is 78400 a multiple of 9?
False
Does 50 divide 4897750?
True
Is 662 a factor of 6561540?
False
Is 1897099 a multiple of 87?
False
Is 5404 a multiple of 14?
True
Is 34199 a multiple of 2?
False
Is 37 a factor of 342418?
False
Is 340785 a multiple of 245?
False
Is 269888 a multiple of 32?
True
Is 98 a factor of 41792?
False
Does 2022 divide 29091003?
False
Is 311 a factor of 4043374?
False
Is 100170 a multiple of 9?
True
Is 14946 a multiple of 53?
True
Does 14 divide 775628?
True
Is 9 a factor of 38889?
True
Does 11 divide 298485?
True
Does 75 divide 2609700?
True
Does 13 divide 4123262?
True
Is 72 a factor of 2677608?
True
Is 3142568 a multiple of 286?
True
Does 9 divide 7110?
True
Is 979520 a multiple of 40?
True
Is 92240 a multiple of 80?
True
Is 140 a factor of 112140?
True
Is 63 a factor of 1292004?
True
Does 2129 divide 7019313?
True
Is 4599776 a multiple of 138?
False
Does 13 divide 421957?
False
Does 121 divide 2305969?
False
Does 25 divide 28025?
True
Does 151 divide 1396146?
True
Is 6 a factor of 577146?
True
Does 24 divide 1452237?
False
Is 8752669 a multiple of 991?
False
Is 159 a factor of 20499?
False
Is 196672 a multiple of 28?
True
Does 57 divide 184503?
False
Is 136606 a multiple of 2?
True
Is 30 a factor of 1680510?
True
Is 502391 a multiple of 413?
False
Is 8 a factor of 54538?
False
Does 93 divide 144150?
True
Is 153340 a multiple of 11?
True
Is 48 a factor of 371476?
False
Is 3301785 a multiple of 103?
False
Is 112335 a multiple of 9?
False
Is 68088 a multiple of 24?
True
Is 10770 a multiple of 30?
True
Is 24 a factor of 200989?
False
Is 3 a factor of 40026?
True
Is 159 a factor of 481929?
True
Does 1357 divide 8573725?
False
Is 44306 a multiple of 6?
False
Is 1419976 a multiple of 136?
True
Is 215 a factor of 581811?
False
Does 13 divide 138525?
False
Is 133 a factor of 6097584?
False
Is 3 a factor of 1362657?
True
Is 93728 a multiple of 26?
False
Is 38911 a multiple of 736?
False
Is 202690 a multiple of 4?
False
Is 22 a factor of 36816714?
True
Is 1816391 a multiple of 17?
False
Does 59 divide 6254?
True
Does 40 divide 93852?
False
Is 24 a factor of 20784?
True
Does 50 divide 125138?
False
Does 11 divide 2475?
True
Is 936216 a multiple of 689?
False
Is 198 a factor of 2058987?
False
Is 213 a factor of 310832?
False
Is 21 a factor of 184106?
False
Does 8 divide 153240?
True
Does 390 divide 140012?
False
Is 444 a factor of 266164?
False
Is 680056 a multiple of 338?
True
Is 14 a factor of 476680?
False
Does 132 divide 121704?
True
Is 2 a factor of 116424?
True
Does 212 divide 870840?
False
Is 168 a factor of 113500?
False
Does 6 divide 22818?
True
Does 29 divide 551362?
False
Is 350815 a multiple of 77?
False
Is 64 a factor of 5886950?
False
Is 5819814 a multiple of 66?
True
Is 30 a factor of 3616470?
True
Is 5 a factor of 1086635?
True
Is 2 a factor of 211537?
False
Does 2 divide 382618?
True
Does 65 divide 2932930?
True
Is 84 a factor of 14700051?
False
Is 164848 a multiple of 2?
True
Is 1599402 a multiple of 42?
True
Is 1024686 a multiple of 377?
True
Is 12036146 a multiple of 8?
False
Does 26 divide 462533?
False
Does 149 divide 272552?
False
Is 101 a factor of 16766?
True
Is 76082 a multiple of 39?
False
Is 230 a factor of 1502360?
True
Is 1268 a factor of 2063036?
True
Does 38 divide 5728275?
False
Is 4059776 a multiple of 322?
True
Is 260253 a multiple of 17?
True
Is 6 a factor of 77314?
False
Is 703296 a multiple of 999?
True
Is 24 a factor of 650243?
False
Is 66057 a multiple of 2?
False
Is 221754 a multiple of 39?
True
Is 252 a factor of 150444?
True
Does 82 divide 949396?
True
Is 640 a factor of 733534?
False
Is 6090 a multiple of 6?
True
Is 63 a factor of 711265?
False
Does 4 divide 1357503?
False
Does 25 divide 841450?
True
Does 26 divide 82649?
False
Is 2 a factor of 37488?
True
Is 168 a factor of 1827219?
False
Is 32 a factor of 2302304?
True
Is 116 a factor of 45936?
True
Is 1063385 a multiple of 16?
False
Is 50 a factor of 147543?
False
Is 6182899 a multiple of 948?
False
Is 3 a factor of 733303?
False
Is 3612690 a multiple of 90?
True
Is 6 a factor of 10656?
True
Does 159 divide 145485?
True
Does 635 divide 335280?
True
Does 16 divide 6215143?
False
Is 649406 a multiple of 10?
False
Does 10 divide 12013?
False
Does 20 divide 571420?
True
Is 2919607 a multiple of 23?
False
Is 504 a factor of 3024?
True
Is 4035136 a multiple of 215?
False
Is 23 a factor of 905648?
True
Does 51 divide 1312765?
False
Is 5263189 a multiple of 1326?
False
Is 1415894 a multiple of 365?
False
Does 156 divide 790989?
False
Is 10 a factor of 7057241?
False
Is 53 a factor of 379481?
False
Is 128 a factor of 3675008?
True
Is 617804 a multiple of 888?
False
Does 7 divide 414250?
False
Is 1139707 a multiple of 569?
True
Does 1177 divide 4106350?
False
Is 4543076 a multiple of 137?
False
Is 100260 a multiple of 60?
True
Is 121 a factor of 149314?
True
Is 240 a factor of 58769?
False
Is 35 a factor of 595105?
True
Is 1936991 a multiple of 145?
False
Does 16 divide 838864?
True
Does 6 divide 86357?
False
Is 39 a factor of 1120461?
False
Is 10 a factor of 1328926?
False
Is 19 a factor of 11450?
False
Is 102 a factor of 83946?
True
Is 66 a factor of 146454?
True
Is 100965 a multiple of 59?
False
Is 1330197 a multiple of 11?
True
Does 86 divide 116172?
False
Is 40 a factor of 269400?
True
Does 65 divide 834156?
False
Is 49184 a multiple of 282?
False
Is 5 a factor of 173595?
True
Is 15233052 a multiple of 796?
True
Is 123 a factor of 24846?
True
Does 21 divide 83848?
False
Is 87 a factor of 3753392?
False
Is 332625 a multiple of 375?
True
Is 99 a factor of 704128?
False
Does 13 divide 3731?
True
Is 546525 a multiple of 75?
True
Is 143616 a multiple of 204?
True
Is 178332 a multiple of 22?
True
Does 82 divide 472937?
False
Does 3 divide 262665?
True
Does 71 divide 2422165?
True
Is 238410 a multiple of 135?
True
Is 20118 a multiple of 14?
True
Is 74 a factor of 502534?
True
Is 345 a factor of 356896?
False
Is 586 a factor of 13561212?
True
Is 302950 a multiple of 6?
False
Does 62 divide 2916547?
False
Does 607 divide 5899433?
True
Is 18862512 a multiple of 60?
False
Does 31 divide 10748661?
True
Is 24195556 a multiple of 308?
True
Is 46 a factor of 495690?
False
Is 133 a factor of 70172?
False
Is 54 a factor of 8615892?
False
Is 84 a factor of 669564?
True
Is 17 a factor of 816870?
False
Is 381568 a multiple of 69?
False
Does 272 divide 